rime factors of 13371017?
11, 61, 19927
What are the prime factors of 628400?
2, 5, 1571
What are the prime factors of 2876493?
3, 619, 1549
List the prime factors of 361625.
5, 11, 263
List the prime factors of 151704.
2, 3, 7, 43
What are the prime factors of 138354?
2, 3, 23059
What are the prime factors of 5332215?
3, 5, 7, 43, 1181
What are the prime factors of 486569?
486569
What are the prime factors of 408383?
47, 8689
List the prime factors of 732942.
2, 3, 7, 277
List the prime factors of 266353.
266353
What are the prime factors of 176019?
3, 23, 2551
What are the prime factors of 889626?
2, 3, 67, 2213
What are the prime factors of 22007819?
2347, 9377
What are the prime factors of 291094?
2, 145547
List the prime factors of 411413.
181, 2273
List the prime factors of 153388.
2, 31, 1237
What are the prime factors of 3343978?
2, 11, 97, 1567
What are the prime factors of 51629?
17, 3037
What are the prime factors of 2080683?
3, 11, 21017
What are the prime factors of 606719?
739, 821
What are the prime factors of 371980?
2, 5, 7, 2657
List the prime factors of 481683.
3, 307, 523
What are the prime factors of 2055710?
2, 5, 311, 661
List the prime factors of 10240105.
5, 2048021
List the prime factors of 12301978.
2, 13, 31, 15263
What are the prime factors of 1965510?
2, 3, 5, 21839
List the prime factors of 138500.
2, 5, 277
What are the prime factors of 5665230?
2, 3, 5, 19, 3313
List the prime factors of 5942721.
3, 1980907
List the prime factors of 184592.
2, 83, 139
What are the prime factors of 1651091?
13, 17, 31, 241
List the prime factors of 1314348.
2, 3, 7, 15647
List the prime factors of 411998.
2, 113, 1823
What are the prime factors of 1147563?
3, 127507
List the prime factors of 14751810.
2, 3, 5, 163909
List the prime factors of 353388.
2, 3, 7, 601
List the prime factors of 237087.
3, 2927
List the prime factors of 2055398.
2, 439, 2341
What are the prime factors of 9066583?
311, 29153
What are the prime factors of 122899?
7, 97, 181
What are the prime factors of 2871112?
2, 191, 1879
List the prime factors of 216865.
5, 11, 3943
What are the prime factors of 62396?
2, 19, 821
List the prime factors of 27696789.
3, 1025807
What are the prime factors of 345086?
2, 7, 157
List the prime factors of 294150.
2, 3, 5, 37, 53
List the prime factors of 3752740.
2, 5, 187637
List the prime factors of 2189533.
2189533
List the prime factors of 711844.
2, 7, 25423
List the prime factors of 1288399.
7, 184057
What are the prime factors of 1826997?
3, 608999
List the prime factors of 7151065.
5, 199, 7187
What are the prime factors of 1513138?
2, 11, 109, 631
List the prime factors of 138767.
193, 719
What are the prime factors of 1137287?
461, 2467
What are the prime factors of 588102?
2, 3, 98017
List the prime factors of 111977.
111977
What are the prime factors of 496835?
5, 99367
What are the prime factors of 2201097?
3, 107, 6857
What are the prime factors of 176520?
2, 3, 5, 1471
What are the prime factors of 178045?
5, 7, 5087
What are the prime factors of 14762391?
3, 7, 71, 9901
List the prime factors of 29973.
3, 97, 103
What are the prime factors of 3474410?
2, 5, 157, 2213
What are the prime factors of 16701532?
2, 19, 219757
What are the prime factors of 1834302?
2, 3, 305717
List the prime factors of 28252844.
2, 17, 29, 14327
What are the prime factors of 180171?
3, 6673
What are the prime factors of 8420541?
3, 2806847
List the prime factors of 1118045.
5, 311, 719
What are the prime factors of 739391?
739391
List the prime factors of 1164987.
3, 129443
List the prime factors of 9100403.
13, 29, 101, 239
List the prime factors of 948818.
2, 13, 36493
What are the prime factors of 30876845?
5, 17, 363257
List the prime factors of 7061570.
2, 5, 706157
List the prime factors of 801668.
2, 7, 28631
List the prime factors of 546411.
3, 23, 7919
What are the prime factors of 368554?
2, 127, 1451
What are the prime factors of 27188792?
2, 3398599
List the prime factors of 26867025.
3, 5, 53, 751
List the prime factors of 262320.
2, 3, 5, 1093
What are the prime factors of 38481?
3, 101, 127
What are the prime factors of 7145943?
3, 7, 340283
List the prime factors of 369537.
3, 7, 17597
What are the prime factors of 1428?
2, 3, 7, 17
List the prime factors of 71761.
71761
What are the prime factors of 953679?
3, 139, 2287
What are the prime factors of 9134554?
2, 11, 13, 19, 41
What are the prime factors of 9008006?
2, 7, 643429
What are the prime factors of 852523?
7, 121789
What are the prime factors of 281450?
2, 5, 13, 433
What are the prime factors of 2334115?
5, 7, 1361
List the prime factors of 1178282.
2, 7, 84163
What are the prime factors of 661521?
3, 7, 17, 109
What are the prime factors of 1862192?
2, 116387
What are the prime factors of 71477?
7, 10211
List the prime factors of 5704325.
5, 11, 20743
What are the prime factors of 18781703?
18781703
What are the prime factors of 16745?
5, 17, 197
List the prime factors of 1301496.
2, 3, 7, 61, 127
What are the prime factors of 1622750?
2, 5, 6491
What are the prime factors of 549000?
2, 3, 5, 61
List the prime factors of 13263607.
7, 503, 3767
List the prime factors of 9124792.
2, 29, 37, 1063
What are the prime factors of 4215099?
3, 7, 17, 11807
What are the prime factors of 554759?
554759
What are the prime factors of 4514701?
4514701
What are the prime factors of 14680269?
3, 163, 10007
List the prime factors of 2429900.
2, 5, 11, 47
What are the prime factors of 294617?
101, 2917
What are the prime factors of 131916?
2, 3, 10993
List the prime factors of 7526895.
3, 5, 337, 1489
What are the prime factors of 21454831?
21454831
What are the prime factors of 298297?
317, 941
List the prime factors of 675241.
7, 19, 5077
What are the prime factors of 6614460?
2, 3, 5, 1361
What are the prime factors of 4199624?
2, 11, 13, 3671
List the prime factors of 659441.
107, 6163
What are the prime factors of 722213?
722213
What are the prime factors of 3212869?
11, 292079
List the prime factors of 354971.
354971
What are the prime factors of 5286350?
2, 5, 105727
List the prime factors of 235566.
2, 3, 23, 569
List the prime factors of 630246.
2, 3, 23, 4567
What are the prime factors of 12021616?
2, 751351
What are the prime factors of 47471?
37, 1283
List the prime factors of 2131152.
2, 3, 29, 1531
List the prime factors of 27163801.
7, 3880543
What are the prime factors of 666529?
666529
What are the prime factors of 45237?
3, 17, 887
List the prime factors of 24098.
2, 12049
What are the prime factors of 612432?
2, 3, 4253
List the prime factors of 17018879.
1621, 10499
What are the prime factors of 10466547?
3, 7, 13, 5477
List the prime factors of 745183.
353, 2111
What are the prime factors of 1907449?
1907449
List the prime factors of 218548.
2, 11, 4967
List the prime factors of 17545440.
2, 3, 5, 11, 3323
List the prime factors of 875696.
2, 229, 239
What are the prime factors of 1575931?
7, 225133
What are the prime factors of 17699797?
17699797
What are the prime factors of 66503?
73, 911
List the prime factors of 5713256.
2, 149, 4793
What are the prime factors of 3989530?
2, 5, 29, 13757
List the prime factors of 114809.
114809
What are the prime factors of 2820790?
2, 5, 7, 59, 683
What are the prime factors of 49832?
2, 6229
What are the prime factors of 13295414?
2, 11, 59, 10243
List the prime factors of 1963981.
1963981
List the prime factors of 15484204.
2, 37, 104623
What are the prime factors of 93638?
2, 46819
List the prime factors of 28271522.
2, 14135761
What are the prime factors of 29550092?
2, 11, 13, 19, 2719
What are the prime factors of 500389?
500389
List the prime factors of 198800.
2, 5, 7, 71
List the prime factors of 16732991.
11, 37, 41113
What are the prime factors of 1406253?
3, 31, 15121
List the prime factors of 8778580.
2, 5, 31, 14159
What are the prime factors of 24901815?
3, 5, 1660121
What are the prime factors of 803260?
2, 5, 40163
List the prime factors of 22557119.
13, 31, 223, 251
List the prime factors of 8107509.
3, 19, 142237
What are the prime factors of 328911?
3, 11, 9967
What are the prime factors of 16983?
3, 17, 37
What are the prime factors of 107476?
2, 97, 277
What are the prime factors of 82